
24
Let g be ((-4)/((-224)/154))/(2/1544). Calculate the highest common factor of g and 965.
193
Suppose 22*q + 302 = 2159 + 1289. Suppose y - 2 - 9 = 0. What is the greatest common divisor of q and y?
11
Let t(d) = -2*d**2 + 169*d - 145. Let o be t(43). What is the greatest common divisor of o and 32?
32
Let q = 4590 + -4447. Calculate the greatest common divisor of 3861 and q.
143
Let w = -4082 + 5193. What is the greatest common factor of w and 22?
11
Let s = 946 + -453. Suppose -350*k + 2619 + 4395 - 1064 = 0. Calculate the greatest common divisor of k and s.
17
Let x be 15/9 + (-682)/33. Let z = 19 + x. Let h be 36/4 - 4 - z. What is the highest common factor of h and 30?
5
Let y = -3454 - -3501. What is the greatest common factor of 94 and y?
47
Let y be (2 - 0)/(8/828). Let f = 35 - 2. Suppose -f = -3*z + y. Calculate the highest common factor of z and 32.
16
Let t be (2/3)/((-1)/(-3)). Suppose -2*n = -t - 12. Let j be ((-6)/132*-143)/(-3 + (-43)/(-14)). What is the greatest common factor of j and n?
7
Let w(a) = -2*a + 41. Let d be w(21). Let i be ((-205)/15 - -14)/(d/(-147)). Calculate the greatest common factor of 539 and i.
49
Let m be -7*7/(49/(-12)). Let n = -132 - -136. Suppose -n*s + 3*k = -33, 0 = -3*s - 5*k - 1 + 4. What is the highest common factor of s and m?
6
Let d = 6 + 4. Let k be 3/2*(-408)/(-306). Suppose o - 3*s = 21, 0*s + 3*s + 36 = k*o. Calculate the greatest common divisor of d and o.
5
Suppose v = -5*w + 1528, 2*v - 355 = -3*w + 2659. What is the highest common divisor of v and 98?
14
Let x be 2 + 5/(10/24). Suppose 4*r = -5*w + 24, 2*w - 3*r + 3 = 31. Let j be -1 - -9*w/24. What is the greatest common factor of j and x?
2
Let c = -44 + 50. Let g be 3196/c + 13/39. What is the highest common factor of 123 and g?
41
Let a = 10478 + -8432. What is the greatest common divisor of a and 44?
22
Let w = 69 + -39. Suppose 0 = -5*u - 118 + 163. Calculate the greatest common factor of u and w.
3
Let c(s) = s**3 + 6*s**2 - 6*s + 6. Let z be 1/(4/(2*-14)). Let d be c(z). Let i be ((0 - d) + 1)/2. Calculate the greatest common divisor of i and 5.
1
Suppose 180 = -15*b + 27*b. Let c be 957/b + (-12)/15. What is the highest common divisor of c and 9?
9
Let l be (-8)/6 - 62/(-186). Let t be 6270/42 - l - (-8)/(-28). What is the highest common factor of t and 30?
30
Let h(v) = v**3 - 7*v**2 - 1323*v + 174. Let b be h(-33). Let y be ((-9)/12)/((-2)/56). What is the greatest common divisor of b and y?
21
Let c(i) = 2904*i - 5516. Let d be c(4). What is the highest common factor of d and 1464?
244
Let o(z) = 3*z**2 - 171*z - 3692. Let d be o(-28). What is the highest common divisor of 16 and d?
8
Suppose 0 = 51*o - 54639 - 156405 + 27954. What is the greatest common factor of o and 40?
10
Suppose 7*k - 141932 + 56090 = -50*k. What is the highest common factor of 12 and k?
6
Let p = -304 + 306. Suppose 0*m - 4*m = -2*x - 264, 0 = 5*m - p*x - 329. Let h = -21 + 47. Calculate the highest common divisor of m and h.
13
Suppose 0 = 2*u + 3*r - 15, 0 = -2*u + 6*u + r - 35. Suppose 14*o - 13*o - u = 0. Suppose -2*d = -6 - 156. Calculate the greatest common factor of d and o.
9
Suppose -5*i + 11*s + 6750 = 12*s, 4*s = 4*i - 5400. Suppose -15*o + i = 3*o. What is the highest common divisor of o and 3?
3
Suppose 4*h - 36152 = -4*k + 142656, 5*k = 4*h - 178826. What is the greatest common divisor of h and 127?
127
Let s be ((-23)/4)/(9/(-108)). Suppose s*p = 79*p - 4930. What is the highest common divisor of p and 58?
29
Let x = -82 + -40. Let o = x - -152. Calculate the highest common divisor of 300 and o.
30
Let i = 5757 + -5597. Calculate the highest common divisor of 520 and i.
40
Let d(y) = -y**3 + 37*y**2 + 41*y - 109. Let u be d(30). Calculate the greatest common divisor of u and 82.
41
Suppose -22586 = -38*v + 41254. Calculate the highest common divisor of 135 and v.
15
Let t = -3379 + 3388. Calculate the greatest common factor of t and 1521.
9
Suppose 0 = -630*d + 593*d + 2886. What is the greatest common divisor of d and 1677?
39
Let r(t) = 28*t + 44. Let u be r(-2). Let i be 1048/48 - 2/u. What is the greatest common factor of 176 and i?
22
Let z = 13 + -10. Suppose -2*h - 408 = -x - 3*x, 0 = -z*h + 12. Suppose s - 3*s + x = 0. What is the greatest common divisor of 65 and s?
13
Let i(m) = 85*m**2 - 2*m - 8. Let t = -338 - -336. Let r be i(t). Calculate the greatest common divisor of r and 42.
42
Let j be 11*16 - (-2)/1. Let q = 304 - j. Calculate the highest common factor of q and 28.
14
Let x(h) be the first derivative of 2*h**3/3 + 6*h**2 - 33*h - 81. Let s be x(16). Calculate the greatest common factor of 61 and s.
61
Let z(d) = 5*d + 117. Suppose -18 = -2*o - 4*v, -4*o + 5*v + 62 = -0*v. Let t be z(o). What is the greatest common factor of t and 14?
14
Suppose 2*h = 7*h - 2*m - 84, -4*h + 75 = m. Let w = 245 + -74. Calculate the highest common factor of h and w.
9
Let d(b) = 10*b**2 - 67*b - 142. Let c be d(10). Calculate the highest common factor of 2773 and c.
47
Let t(r) = -238*r - 1544. Let p be t(-8). Let a(c) = -c**2 - 14*c + 5. Let s be a(-10). What is the greatest common divisor of p and s?
45
Suppose -n + 4*x + 221 + 116 = 0, 0 = -n - 5*x + 328. Calculate the greatest common divisor of n and 27.
9
Suppose -85 - 83 = 3*k. Let j be 228/(-7)*4*k/16. Calculate the highest common factor of j and 24.
24
Let m = -5 - -7. Suppose 0*n - m*n + 20 = 2*f, -2*f = -4*n + 70. What is the greatest common divisor of n and 285?
15
Let s be (-1 - 1)/4 + (-2124)/(-72). Let p be 348*(-2)/(-64)*8. What is the highest common factor of p and s?
29
Suppose -3*b = 2*t + 230, 4*b + 2*t + 306 = -0*b. Let a be (b/(16/(-4)) + -2)*1. What is the highest common factor of 85 and a?
17
Suppose 623*o + 1005 = 13*h + 627*o, -4*h + o = -307. Suppose -5*j = -0*u - 4*u - 389, -4*j = u - 307. Calculate the highest common divisor of h and j.
77
Let d(w) = -w - 5. Let p be d(-12). Suppose 4 = -3*n - 8. Let m be 54 + 9/((-18)/n). Calculate the highest common factor of p and m.
7
Let i(l) = 77*l - 1. Let b be i(2). Suppose 62*v - 693 = 60*v - 75*v. Calculate the greatest common factor of v and b.
9
Let m be (-88)/10*(172/8 + -4). Let c = m - -158. Calculate the greatest common factor of 32 and c.
4
Suppose 232*w = 237*w + 3*h - 5182, 2 = -2*h. What is the greatest common divisor of 187 and w?
17
Let y(p) = 4*p - 3. Suppose -6*h + h + 5*q = -20, 4*h - 24 = 2*q. Let o be y(h). What is the greatest common factor of o and 29?
29
Suppose -55*p + 22*p = -99066. Calculate the greatest common divisor of 38 and p.
38
Let v(t) = -t**3 - 12*t - 25. Let f be 30/(-5) + (-2 + -2 - -1). Let h be v(f). Let j be -1*(-3)/9 + h/12. Calculate the highest common factor of j and 51.
17
Let j(a) = a**3 + 14*a - 1 + 12*a**2 + 1 + 5. Let s be j(-8). Suppose 14 = -5*m + s. What is the greatest common divisor of 54 and m?
27
Suppose -8*p + 4*p = -40. Let j be ((-675)/(-90))/((-6)/(-232)). Calculate the highest common factor of j and p.
10
Suppose -4*c - 5668 = 4*a, -2*a + 5*c - 1648 - 1221 = 0. Let b = a + 982. Let o be (-6)/(12/b*-146 - 4). Calculate the highest common divisor of 30 and o.
30
Suppose 91*j = 86*j + 105. Suppose 31880 = j*i - 4702. What is the greatest common factor of i and 26?
26
Let r(s) = s**2 + 4*s - 3. Let p be r(-6). Suppose -5*n + 4*h = -117, -2*h + 4 = -0*h. Suppose 2*l = 61 - n. What is the greatest common factor of l and p?
9
Let n be (-6)/(-5)*(-270)/(-12). Let m = 783 - 765. Calculate the greatest common divisor of n and m.
9
Suppose -194*a + 72*a + 12960 = -44*a - 18*a. Suppose 3*f - 4*t = t + 43, f + 5*t + 19 = 0. What is the highest common factor of f and a?
6
Let h = 37826 - 37742. Calculate the highest common factor of 8176 and h.
28
Suppose 35*s = -9*s + 11*s + 14355. What is the greatest common factor of 270 and s?
15
Suppose -z - 470 = -12*z + 542. Calculate the greatest common divisor of 6946 and z.
46
Suppose 27*b - 29*b = -8. Suppose 5*d + 17 = f - 18, b*f + 3*d = 163. Calculate the highest common divisor of f and 10.
10
Suppose 2*u - 5*i = 1030, -5*i - 2080 = -65*u + 61*u. Calculate the highest common divisor of 210 and u.
105
Let w be ((-7)/70)/(4/(-6704)) + (-2)/(-5). Calculate the highest common divisor of w and 2562.
42
Suppose 0*j + 4*j = 